Let t be x(-3). What is the greatest common divisor of 37 and t?
37
Suppose -3*p = -8*p + 805. Suppose 4*g + k - 6*k = p, 0 = 3*k + 15. Suppose -g - 66 = -4*u. Calculate the greatest common factor of 10 and u.
5
Let p be (-3 - 17/(-5))*170. Suppose p = -16*g + 20*g. Let t(u) = u**3 + u**2 + 153. Let m be t(0). Calculate the highest common factor of m and g.
17
Suppose -8*y + 20 = 4. Let p(b) = 13*b**2 + 2. Let f be p(y). Suppose -43 + f = k. What is the highest common factor of k and 22?
11
Let g = 259 - 138. Calculate the highest common factor of 209 and g.
11
Let s be (-377417)/(-204) + 3/(-36). Calculate the highest common factor of 50 and s.
50
Let r = -16277 + 16292. Let a(c) = -44*c + 2 - 1 - 60*c. Let q be a(-1). What is the greatest common divisor of r and q?
15
Let o(x) = -x**3 - 18*x**2 + 2*x + 40. Let b be o(-18). Let c = -164 + 167. Calculate the highest common factor of b and c.
1
Let s be (240/6)/(6/9). Let l = -26 + s. What is the greatest common divisor of l and 17?
17
Let f be (-21 - -6)/(5/(-2)). Calculate the highest common divisor of 291 and f.
3
Let v = -100 + 271. What is the greatest common divisor of v and 45?
9
Let m = -1 + 8. Suppose -442*d + 560 = -432*d. What is the highest common divisor of m and d?
7
Suppose 0 = -7*w + 5 + 16. Suppose w*n = 39 + 21. What is the greatest common factor of 30 and n?
10
Suppose 9*w - 47*w = -1900. What is the greatest common factor of w and 70?
10
Let x = 139 + -117. Calculate the highest common divisor of x and 209.
11
Let z(b) = -b + 52. Let j be z(0). Let s be 8/14 + 164/28*11. Calculate the highest common divisor of j and s.
13
Let o be (-6)/3 + 0 - -4. Calculate the highest common factor of o and 30.
2
Let l be (3/(-3) - 0)*(7 - 1). Let j(w) = 3*w + 24. Let x be j(l). Calculate the greatest common divisor of x and 12.
6
Suppose -4*w + 5 - 1 = 0. Let m be (440/132)/(10/15). What is the greatest common factor of w and m?
1
Suppose -95*t - 600 = -100*t. What is the greatest common factor of 48 and t?
24
Suppose -2*t + 0*t = -20. Let k be (4/(-12))/((-1)/60*2). What is the highest common divisor of k and t?
10
Suppose 22*b = 1269 + 711. What is the highest common divisor of b and 648?
18
Let b be 2*-26*(-25)/20. Suppose o + 4*o - b = 0. Calculate the greatest common divisor of o and 65.
13
Let q = -48 - -52. Suppose f = -2*o + 148, -6*o - q*f = -2*o - 304. Calculate the greatest common divisor of o and 48.
24
Let w(h) = h**3 + 8*h**2 + 7*h + 22. Suppose 28*c - 31*c = 21. Let v be w(c). Let n be 2/(-4) - 222/(-4). What is the greatest common factor of n and v?
11
Let d(n) = 20*n**2 + 2*n - 1. Suppose -14*o + 12*o + 2 = 0. Let q be d(o). Calculate the highest common divisor of 42 and q.
21
Let g = -244 + 267. What is the highest common factor of g and 667?
23
Suppose 36 = 5*u - 3*n, n + 26 = 3*u + 6. Suppose u*m - m = -5*a + 250, -4*m + 2*a = -200. Calculate the highest common divisor of m and 10.
10
Let l(a) = a**2 - 2*a + 1. Let y be l(1). Let m(n) = 4*n + n + 10 + 0 + n + n**2 - 8*n. Let s be m(y). Calculate the highest common divisor of 25 and s.
5
Suppose -7*a + 3*v - 65 = -12*a, a - 3*v = 13. What is the highest common divisor of a and 143?
13
Suppose 0*d + 3*d = 0. Suppose d = m - 2*m + 3. Suppose -m*f = 6*w - 2*w - 15, 2*f = -2*w + 6. What is the highest common factor of w and 54?
6
Let n = -281 + 68. Let u = n - -381. What is the greatest common divisor of u and 21?
21
Let d = 7 - 4. Let b be 4*(-3 + 26 + -1). Suppose d*y - b = -y. Calculate the greatest common divisor of 11 and y.
11
Let m be (-12)/(-15)*35/2. Let p be ((-2)/(-2))/(6/36). Suppose u + 48 = 4*u + 5*y, -2*y = p. What is the highest common divisor of m and u?
7
Suppose 0 = -3*a - 0*v - 3*v + 1074, 0 = 5*a - 4*v - 1808. What is the highest common factor of 30 and a?
30
Let y be 396/42 + (-12)/28. Calculate the greatest common factor of y and 198.
9
Let n(h) = -844*h + h**2 + 851*h - 5 + 25. Let r be n(-5). What is the highest common factor of 80 and r?
10
Suppose 4*n = 5*w + 29, n = 3*n - w - 13. Suppose 4*g = n*g. Suppose 180 = -g*c + 5*c. Calculate the greatest common divisor of c and 9.
9
Suppose 6*j = 12*j - 1056. Suppose j = -7*a + 568. What is the greatest common divisor of 8 and a?
8
Suppose 0 = 11*a - 4*a - 1001. Calculate the greatest common divisor of a and 13.
13
Suppose 18*p = 13*p + 15. Suppose -46 - 119 = -p*t. What is the highest common divisor of t and 11?
11
Let y(d) = d**2 + 11*d - 6. Let p be y(7). Suppose -131*k = -121*k - 480. Calculate the highest common factor of p and k.
24
Let v(y) = -y**3 + 3*y**2 - y + 3. Let k be v(3). Suppose k*l = -l + 8. Suppose -x + 2 = -l. What is the greatest common divisor of x and 15?
5
Let p(u) = 2*u - 7. Let r be p(5). Let h(c) = c + 3. Let f be h(r). Calculate the highest common factor of f and 6.
6
Let p be 23 - (-2 + -2 + 7). Let c be p/15 - 44/6. Let z = 42 + c. Calculate the greatest common factor of 12 and z.
12
Suppose 0 = -4*w + 338 - 58. Let o = 220 - w. Suppose 4*s = -k + 103, -2*k + o = 5*s - 5*k. Calculate the greatest common divisor of 18 and s.
9
Let g(m) be the third derivative of m**5/30 - 5*m**4/24 - 5*m**3/3 + 13*m**2. Let t be g(-3). Calculate the greatest common factor of t and 253.
23
Let t(y) = -7*y**3 - 5*y**2 + 29. Let u be t(-5). What is the greatest common factor of u and 41?
41
Suppose -47*q + 3888 = -31*q. What is the highest common divisor of q and 27?
27
Suppose 36*v - 514 = -154. Suppose -4*f - 40 = -2*b, 3*b = 4*b + 5*f + 15. What is the greatest common divisor of b and v?
10
Let x = -15 - -24. Let o be 7 + (-3 - 0) - 2. Suppose -14 = -o*b - 4*p + 10, 2*b + 3*p = 27. What is the highest common divisor of x and b?
9
Suppose 4*a - 6 = a. Suppose -4*d = -2*l + 6*l + 8, -5*l - d = a. Suppose l*m = -m + 12. What is the greatest common factor of 12 and m?
12
Let n be (-1507)/(-5) + (-9)/(-15) + -3. Suppose 0 = -3*t + 4*x + 301, -2*x = 3*t - 4*x - n. What is the greatest common factor of t and 66?
33
Let v(r) = -40*r**2 - r. Let x be v(1). Let j = -25 - x. Let n(g) = 2*g**3 - 3*g**2 - 11. Let t be n(3). Calculate the highest common factor of j and t.
16
Let n be 3 - (4 - 4) - 5. Let t be 12/4 - n/(-2). Suppose -2*g - t*g = 5*d - 336, 84 = g - 3*d. Calculate the greatest common factor of g and 21.
21
Suppose b + 0 - 126 = 3*f, -2*b = 4*f - 212. Let h be -47*(-2)/5 + (-2)/(-10). Calculate the highest common factor of b and h.
19
Suppose 0 = -12*a + 3*a + 522. Suppose -6*s + a = -4*s. What is the greatest common factor of s and 29?
29
Suppose 0 = -z - 7*o + 6*o + 362, 2*o = 10. Calculate the greatest common factor of z and 7.
7
Suppose 5*h = 6*h - 6. Let d be h/(-4)*238/(-21). What is the highest common divisor of d and 68?
17
Suppose m = 2*t + 15 + 13, 0 = -2*m + t + 56. Suppose -4*v - 4 = -m. Calculate the greatest common divisor of v and 4.
2
Let z be (-4 + 1 + -3)*198/(-54). Suppose -u = -z - 8. Calculate the highest common divisor of u and 12.
6
Suppose 6*u - u = 430. Let z(r) = 7*r + 8. Let l be z(5). Calculate the greatest common divisor of l and u.
43
Let k(c) = -c**3 + 2*c**2 - 4*c + 3. Let m be (3 - (-4)/2)*-1. Let s be k(m). Suppose -3*r + 76 = 22. Calculate the highest common divisor of s and r.
18
Let j be 2/8 + 3159/52. Let s = -49 + j. What is the highest common factor of s and 132?
12
Let u be 0/(-2) + 42/6. Let v(y) be the first derivative of y**3/3 - 2*y**2 - 5*y - 45. Let n be v(u). What is the greatest common factor of 48 and n?
16
Let j = -3 - -5. Suppose -7 = -w + 6. Let k be ((-14)/2*-2)/(w + -12). What is the greatest common divisor of j and k?
2
Suppose 2*o + 9 = -5*l, -2*l = -3*o + 6*o - 14. Suppose -960 + 320 = -o*v. What is the highest common factor of v and 16?
16
Suppose 4*g = 4*p - 4004, 1665 = 2*p - 4*g - 339. Calculate the greatest common factor of 4 and p.
4
Let y(l) = 10*l**2 + 6*l + 8. Let p be y(-3). What is the greatest common factor of p and 40?
40
Let z = -147 - -154. Calculate the highest common factor of 77 and z.
7
Suppose -5*d + 21 = 2*a, 3*a + 7*d - 2*d - 29 = 0. What is the greatest common factor of 24 and a?
8
Let w = -499 + 673. What is the highest common divisor of w and 12?
6
Let a be (-13)/(-6) - 8/48. Let d(m) = 4*m - 1. Let p be d(a). Suppose -p*r - 54 + 194 = 0. Calculate the high